are the prime factors of (s - (-3 - -3))*-3?
3
Let t = 14 - 14. Suppose -5*k + 3*b + 175 = 4*b, -b = t. List the prime factors of k.
5, 7
Let r(m) = 0*m**2 + m**2 + 5*m - 3 + 0*m**2. Let i be r(5). Suppose -4*f + 2*u + i = -9, -2*u = -2*f + 24. List the prime factors of f.
2
Let u(i) = i**2 + i. Let t be u(0). Let n = t + 5. What are the prime factors of n?
5
Suppose -3*b + 6 = -0. Suppose 4*t + 5*l = 119, 2*t - 5*t = b*l - 91. What are the prime factors of t?
31
Let g(o) = -19*o**3 + o**2 - 1. List the prime factors of g(-1).
19
Let p be 1 - (0 - -23 - 0). Let q be 4/p - (-138)/33. What are the prime factors of (-6)/q*20/(-6)?
5
What are the prime factors of ((-8)/(-10))/((-8)/(-180))?
2, 3
Let k be (-22)/(-4) + (-4)/(-8). What are the prime factors of k/(-9) + (-94)/(-6)?
3, 5
Let k = -7 - -12. Suppose k*v - 116 + 16 = 0. List the prime factors of v.
2, 5
Let v = 0 + 3. Suppose -6*j + 147 = -3*j. Suppose -s = v*u - 23, -4*s + j = -5*u - 43. What are the prime factors of s?
23
Suppose 0 = -3*d + 4*q + 67, 6*q + 46 = 2*d + 4*q. What are the prime factors of d?
5
What are the prime factors of (-669)/(-27) - (-2)/9?
5
Let b(p) = p**3 - 7*p**2 + 10*p - 6. Let f be b(6). Let y = -11 - -14. Let g = f - y. List the prime factors of g.
3, 5
Let s be (-4)/22 + 138/33. Suppose 0 = -0*w - 2*w + s*x - 30, 2*w = 2*x - 22. Let c = 15 + w. What are the prime factors of c?
2
Let a = 4 - -5. What are the prime factors of a/(-54) - 158/(-12)?
13
Let j(l) = 6*l + 45. What are the prime factors of j(-6)?
3
Suppose 0 = -4*r + 162 + 6. Suppose o - n - r = 0, 2*o = o - 2*n + 36. What are the prime factors of o?
2, 5
Let f = -78 + 166. List the prime factors of f.
2, 11
Let o be 2/(-5) - 702/(-5). Suppose 0 = 5*q - 5*d - o, d + 109 = 4*q - 4*d. Suppose 2*w + 18 = 5*r, -q + 1 = -5*r + 5*w. What are the prime factors of r?
2
Let c = -13 - -9. Let d = -6 - c. List the prime factors of (0/(-1) - d)/1.
2
Suppose -3*h = -5*b + 16, 57 - 22 = 5*h + 4*b. Let k = 0 + 2. Suppose 2*u - h - 26 = -c, -3*u + 46 = k*c. What are the prime factors of u?
2, 3
Suppose 2*h = 3*h - z - 4, -h = 4*z - 4. Suppose -2*u + h = v - 35, 0 = 3*u - 5*v - 78. Suppose n = -0*n + u. List the prime factors of n.
3, 7
Let z = 2 + 1. Suppose 2 = -z*h - 4*s + 4, 2*s - 8 = -5*h. What are the prime factors of h?
2
Let y(m) = 2*m. Let a(k) = -2*k - 1. Let s(h) = 3*a(h) + 4*y(h). Let d be s(2). What are the prime factors of (-3 - (-3 + d)) + 4?
3
Let x(j) = -j + 6. Let f be x(0). What are the prime factors of (-2)/(-6) - (-10)/f?
2
Let z(c) be the third derivative of 0*c + 0 + 1/60*c**6 - 1/3*c**3 - 1/60*c**5 - c**2 + 1/24*c**4. List the prime factors of z(2).
2, 3
Suppose 0 = -2*h - 2*w + 416, -137 - 80 = -h + 2*w. List the prime factors of h.
211
Let m(j) = -13*j - 13. List the prime factors of m(-5).
2, 13
Suppose 3*t + 24 = 5*n - 57, -3*t = -n + 21. Let b be -2*(n/(-6) + 1). Suppose 0 = 6*f - 3*f + 4*w - 37, 0 = b*f + 3*w - 42. List the prime factors of f.
19
Suppose 6*x - 20 = 2*x. Suppose 5*i - 25 = -x. List the prime factors of i.
2
Suppose 5*y - 2*x = -179, -154 = 3*y + x - 51. Let p = y - -49. What are the prime factors of p?
2, 7
Let m = 1 + 0. Let j(p) = -7*p**2 - 3. Let c(u) = 8*u**2 + 2. Let t(n) = 4*c(n) + 3*j(n). List the prime factors of t(m).
2, 5
Let b(y) = y**3 - 8*y**2 + 8*y - 5. What are the prime factors of b(8)?
59
Suppose -4*l + 0*t + 261 = t, 0 = -5*l - 5*t + 345. What are the prime factors of l?
2
Let a(s) = -s**2 + 2*s + 2. Let x be a(2). Suppose -5*i + 33 = g - 16, 5*g - x = 2*i. List the prime factors of (i/(-6))/((-1)/2).
3
Suppose 0*y + y - 7 = 0. Suppose -y*z + 39 = -4*z. What are the prime factors of z?
13
What are the prime factors of 8/16 - 1953/(-6)?
2, 163
Suppose 18 + 6 = -4*y. Let x = 6 - y. List the prime factors of x.
2, 3
Suppose 7*x - 4*x - 136 = 4*b, 4*x - 228 = -4*b. What are the prime factors of x?
2, 13
What are the prime factors of (-54)/(-3)*(18/4 - 3)?
3
Let u be (-2)/(-4)*1*4. Suppose -5*k - 4*v + 5 = v, u*k = v - 1. Suppose -2*r + 2*j + 4 = k, 17 = 5*r - 2*j + 1. What are the prime factors of r?
2
Let g be 18/(-30) - 46/(-10). Suppose g*u - 24 = u. List the prime factors of u.
2
Let o(k) = -8*k**3. Let b be o(-1). Suppose -z - 2 = 0, -2*u + b*z - 3*z + 44 = 0. List the prime factors of u.
17
Suppose -2*v + 4*v = 180. What are the prime factors of v?
2, 3, 5
Let m = -26 + 62. Suppose -g - g = -m. List the prime factors of g.
2, 3
Let u(d) = 2*d**2 + 11*d - 6. Let n be u(-8). Suppose n = -2*t + 4*t - 3*f, -t + 12 = -4*f. What are the prime factors of t?
2, 5
Suppose 0 = 4*v - v - 15. Suppose 0*u + 2*u - 62 = 3*m, 0 = 3*u + v*m - 131. What are the prime factors of u?
37
Suppose -18 - 21 = 3*w - 2*c, -c = -2*w - 26. Suppose 5*i - 2 + 14 = -3*k, -k - 12 = -i. Let g = k - w. List the prime factors of g.
2
Let k(i) = i**3 + 4*i**2 + i - 2. Let z = -2 + -1. Let n be k(z). Suppose -a + s + n = 6*s, 0 = 4*s + 8. List the prime factors of a.
2, 7
Let a be ((-4)/6)/((-6)/63). Let g be (2*2)/(-5 + a). Suppose 14 = g*u - 0*u. List the prime factors of u.
7
Let t = 17 - -13. List the prime factors of t.
2, 3, 5
Suppose -4*y + 2*s + 62 = 0, 0*s + 5*s = -3*y + 79. What are the prime factors of y?
2, 3
Suppose 9 = 5*h - 1. Suppose -b = h*v - 3*b - 4, 0 = 2*v + 5*b - 11. Suppose 72 = v*d + d. List the prime factors of d.
2, 3
Let s(q) = -9 + 4*q**2 + 22*q**3 - 6*q - 3*q - 21*q**3. What are the prime factors of s(-5)?
11
Let n(x) = 4*x + 19. List the prime factors of n(8).
3, 17
Let a be -12 + 0*3/(-6). List the prime factors of a/(-30) - 13/(-5).
3
Suppose 2*p + 4*d = -42, 6*d = 4*p + 2*d + 72. Let s = p + 30. List the prime factors of s.
11
Suppose 0 = 5*v - 6*v. Suppose -3*q - 2*z = -71, 2*q + v*z - 50 = -2*z. List the prime factors of q.
3, 7
List the prime factors of 1/(-4) + (-4369)/(-68).
2
Let k = -15 + 22. Let f be (-2 - k)*-6*1. Suppose -4*c + 36 = 2*z - 0*c, 0 = -3*z - 5*c + f. What are the prime factors of z?
2, 3
Let z(t) = -t**2 - 11*t - 13. Let a be 1*3/(-3) - 8. Let x be z(a). Suppose -3*h + 25 + x = 0. List the prime factors of h.
2, 5
Suppose 2*t = 5*t - 6. Suppose -4*n = -5*k - 2*n - 84, -t*k - n - 30 = 0. What are the prime factors of ((-44)/k)/((-2)/(-8))?
11
Suppose -2*j = 2*j - 28. Suppose -j*b = -2*b - 15. Suppose -3*l + 4*l = b. What are the prime factors of l?
3
Let v = 58 + -52. What are the prime factors of v?
2, 3
Suppose 2*k + 4*z = 50, z + 2 = 3*z. List the prime factors of k.
23
Let d be (-2)/(-8) - 135/(-4). Suppose 2*q - d = p + 2, -5*q - 3*p = -90. What are the prime factors of q?
2, 3
Let b(i) = i**3 + 6*i**2 + 3*i + 7. Let y be (-12)/(-42) + 47/7. Let h = y + -12. List the prime factors of b(h).
17
Suppose -2*o + 76 = 22. List the prime factors of o.
3
Suppose 0*f = 2*f + 6. Let r(j) = 2*j**2 + 2*j. List the prime factors of r(f).
2, 3
Let f be 150/20*4/5. Suppose -f = -3*k + 51. What are the prime factors of k?
19
Let d be (-12)/42 - (-107)/7. Let s = d - 10. What are the prime factors of s?
5
Let o be 44/36 + (-2)/9. Let v(b) = 0*b - 1 + o - 1 + 3*b. What are the prime factors of v(3)?
2
Suppose 4*y + 20 = 4*v, 0 = v - 5*y + y + 10. Let h be 11/(-3) + v/15. What are the prime factors of h/(-3) - (-2)/1?
3
Suppose 3*g = 2*s - 5*s, g = -4*s. Let p(q) = -q**3 - 6*q**2 + 6*q + 8. Let u be p(-7). Suppose s = -2*a - a + u. List the prime factors of a.
5
What are the prime factors of 3 + (55 - (2 + -2))?
2, 29
Suppose -4*j = -2*y - 18, y - 9 = -2*y. Let n be ((-4)/j)/(2/(-87)). Suppose -2*w + 0*m = -5*m - n, -3*m = 3*w - 54. List the prime factors of w.
17
Let x(l) = l**2 - 3*l + 25. List the prime factors of x(-8).
113
Suppose -2*o + 0*o + 80 = 0. List the prime factors of o.
2, 5
Let p = -15 - -19. List the prime factors of p.
2
What are the prime factors of (-132)/(-4) + -4 + 0?
29
Let a(y) = 43*y**2. Let x be a(-1). Let c be -2 + 1 + x/1. Suppose 8*h + 2*q - 24 = 3*h, 4*q = 5*h - c. What are the prime factors of h?
2, 3
Suppose -2*q + 2 = -q. Suppose 0*t + 2*t = -y + 8, q*t = -2. Suppose -y = -2*z, -5*x - 2*z + 85 = z. What are the prime factors of x?
2, 7
Let k = -4 + 3. Let n = k + -1. Let z(o) = -2*o - 1. List the prime factors of z(n).
3
Let x = 4 - -34. List the prime factors of x.
2, 19
Suppose -5*b + 2*f + 1 = -1, 0 = -b - 5*f + 